{"version":"1.0","provider_name":"Universalis Foederatio Presepistica","provider_url":"https:\/\/www.unfoeprae.org\/fr\/","author_name":"Pilot@DMN.Unf","author_url":"https:\/\/www.unfoeprae.org\/fr\/author\/pilotdmn-unf\/","title":"Congr\u00e8s internationaux - Universalis Foederatio Presepistica","type":"rich","width":600,"height":338,"html":"<blockquote class=\"wp-embedded-content\" data-secret=\"e8dKSdtFFb\"><a href=\"https:\/\/www.unfoeprae.org\/fr\/unfoeprae\/congressi-internazionali\/\">Congr\u00e8s internationaux<\/a><\/blockquote><iframe sandbox=\"allow-scripts\" security=\"restricted\" src=\"https:\/\/www.unfoeprae.org\/fr\/unfoeprae\/congressi-internazionali\/embed\/#?secret=e8dKSdtFFb\" width=\"600\" height=\"338\" title=\"\u00ab\u00a0Congr\u00e8s internationaux\u00a0\u00bb &#8212; Universalis Foederatio Presepistica\" data-secret=\"e8dKSdtFFb\" frameborder=\"0\" marginwidth=\"0\" marginheight=\"0\" scrolling=\"no\" class=\"wp-embedded-content\"><\/iframe><script type=\"text\/javascript\">\n\/* <![CDATA[ *\/\n\/*! This file is auto-generated *\/\n!function(d,l){\"use strict\";l.querySelector&&d.addEventListener&&\"undefined\"!=typeof URL&&(d.wp=d.wp||{},d.wp.receiveEmbedMessage||(d.wp.receiveEmbedMessage=function(e){var t=e.data;if((t||t.secret||t.message||t.value)&&!\/[^a-zA-Z0-9]\/.test(t.secret)){for(var s,r,n,a=l.querySelectorAll('iframe[data-secret=\"'+t.secret+'\"]'),o=l.querySelectorAll('blockquote[data-secret=\"'+t.secret+'\"]'),c=new RegExp(\"^https?:$\",\"i\"),i=0;i<o.length;i++)o[i].style.display=\"none\";for(i=0;i<a.length;i++)s=a[i],e.source===s.contentWindow&&(s.removeAttribute(\"style\"),\"height\"===t.message?(1e3<(r=parseInt(t.value,10))?r=1e3:~~r<200&&(r=200),s.height=r):\"link\"===t.message&&(r=new URL(s.getAttribute(\"src\")),n=new URL(t.value),c.test(n.protocol))&&n.host===r.host&&l.activeElement===s&&(d.top.location.href=t.value))}},d.addEventListener(\"message\",d.wp.receiveEmbedMessage,!1),l.addEventListener(\"DOMContentLoaded\",function(){for(var e,t,s=l.querySelectorAll(\"iframe.wp-embedded-content\"),r=0;r<s.length;r++)(t=(e=s[r]).getAttribute(\"data-secret\"))||(t=Math.random().toString(36).substring(2,12),e.src+=\"#?secret=\"+t,e.setAttribute(\"data-secret\",t)),e.contentWindow.postMessage({message:\"ready\",secret:t},\"*\")},!1)))}(window,document);\n\/\/# sourceURL=https:\/\/www.unfoeprae.org\/wp-includes\/js\/wp-embed.min.js\n\/* ]]> *\/\n<\/script>\n","description":"Depuis la premi\u00e8re \u00e9dition qui s&rsquo;est tenue en 1952 \u00e0 Barcelone, le Congr\u00e8s est le rendez-vous principal et le plus important d&rsquo;envergure mondiale pour les associations, les f\u00e9d\u00e9rations, les amis et les passionn\u00e9s de cr\u00e8ches de No\u00ebl qui se r\u00e9unissent dans un grand moment de v\u00e9ritable fraternit\u00e9 universelle autour de la nativit\u00e9. \u00c0 partir de [&hellip;]"}

Congrès internationaux - Universalis Foederatio Presepistica

<blockquote class="wp-embedded-content" data-secret="e8dKSdtFFb"><a href="https://www.unfoeprae.org/fr/unfoeprae/congressi-internazionali/">Congrès internationaux</a></blockquote><iframe sandbox="allow-scripts" security="restricted" src="https://www.unfoeprae.org/fr/unfoeprae/congressi-internazionali/embed/#?secret=e8dKSdtFFb" width="600" height="338" title="« Congrès internationaux » &#8212; Universalis Foederatio Presepistica" data-secret="e8dKSdtFFb" frameborder="0" marginwidth="0" marginheight="0" scrolling="no" class="wp-embedded-content"></iframe><script type="text/javascript">
/* <![CDATA[ */
/*! This file is auto-generated */
!function(d,l){"use strict";l.querySelector&&d.addEventListener&&"undefined"!=typeof URL&&(d.wp=d.wp||{},d.wp.receiveEmbedMessage||(d.wp.receiveEmbedMessage=function(e){var t=e.data;if((t||t.secret||t.message||t.value)&&!/[^a-zA-Z0-9]/.test(t.secret)){for(var s,r,n,a=l.querySelectorAll('iframe[data-secret="'+t.secret+'"]'),o=l.querySelectorAll('blockquote[data-secret="'+t.secret+'"]'),c=new RegExp("^https?:$","i"),i=0;i<o.length;i++)o[i].style.display="none";for(i=0;i<a.length;i++)s=a[i],e.source===s.contentWindow&&(s.removeAttribute("style"),"height"===t.message?(1e3<(r=parseInt(t.value,10))?r=1e3:~~r<200&&(r=200),s.height=r):"link"===t.message&&(r=new URL(s.getAttribute("src")),n=new URL(t.value),c.test(n.protocol))&&n.host===r.host&&l.activeElement===s&&(d.top.location.href=t.value))}},d.addEventListener("message",d.wp.receiveEmbedMessage,!1),l.addEventListener("DOMContentLoaded",function(){for(var e,t,s=l.querySelectorAll("iframe.wp-embedded-content"),r=0;r<s.length;r++)(t=(e=s[r]).getAttribute("data-secret"))||(t=Math.random().toString(36).substring(2,12),e.src+="#?secret="+t,e.setAttribute("data-secret",t)),e.contentWindow.postMessage({message:"ready",secret:t},"*")},!1)))}(window,document);
//# sourceURL=https://www.unfoeprae.org/wp-includes/js/wp-embed.min.js
/* ]]> */
</script>

Depuis la première édition qui s&rsquo;est tenue en 1952 à Barcelone, le Congrès est le rendez-vous principal et le plus important d&rsquo;envergure mondiale pour les associations, les fédérations, les amis et les passionnés de crèches de Noël qui se réunissent dans un grand moment de véritable fraternité universelle autour de la nativité. À partir de [&hellip;]
