{"id":1535,"date":"2023-09-05T15:29:55","date_gmt":"2023-09-05T15:29:55","guid":{"rendered":"https:\/\/www.unfoeprae.org\/unfoeprae\/presidenza\/"},"modified":"2026-03-25T08:05:47","modified_gmt":"2026-03-25T08:05:47","slug":"presidenza","status":"publish","type":"page","link":"https:\/\/www.unfoeprae.org\/fr\/unfoeprae\/presidenza\/","title":{"rendered":"Pr\u00e9sidence 2026-2030"},"content":{"rendered":"\n<p>L&rsquo;organe administratif de la f\u00e9d\u00e9ration internationale.<\/p>\n","protected":false},"excerpt":{"rendered":"<p>L&rsquo;organe administratif de la f\u00e9d\u00e9ration internationale.<\/p>\n","protected":false},"author":1,"featured_media":0,"parent":1530,"menu_order":0,"comment_status":"closed","ping_status":"closed","template":"template_presidenza.php","meta":{"_acf_changed":false,"footnotes":""},"class_list":["post-1535","page","type-page","status-publish","hentry"],"acf":[],"yoast_head":"<!-- This site is optimized with the Yoast SEO plugin v27.2 - https:\/\/yoast.com\/product\/yoast-seo-wordpress\/ -->\n<title>Pr\u00e9sidence 2026-2030 - Universalis Foederatio Presepistica<\/title>\n<meta name=\"robots\" content=\"index, follow, max-snippet:-1, max-image-preview:large, max-video-preview:-1\" \/>\n<link rel=\"canonical\" href=\"https:\/\/www.unfoeprae.org\/fr\/unfoeprae\/presidenza\/\" \/>\n<meta property=\"og:locale\" content=\"fr_FR\" \/>\n<meta property=\"og:type\" content=\"article\" \/>\n<meta property=\"og:title\" content=\"Pr\u00e9sidence 2026-2030 - Universalis Foederatio Presepistica\" \/>\n<meta property=\"og:description\" content=\"L&rsquo;organe administratif de la f\u00e9d\u00e9ration internationale.\" \/>\n<meta property=\"og:url\" content=\"https:\/\/www.unfoeprae.org\/fr\/unfoeprae\/presidenza\/\" \/>\n<meta property=\"og:site_name\" content=\"Universalis Foederatio Presepistica\" \/>\n<meta property=\"article:modified_time\" content=\"2026-03-25T08:05:47+00:00\" \/>\n<meta name=\"twitter:card\" content=\"summary_large_image\" \/>\n<meta name=\"twitter:label1\" content=\"Dur\u00e9e de lecture estim\u00e9e\" \/>\n\t<meta name=\"twitter:data1\" content=\"1 minute\" \/>\n<script type=\"application\/ld+json\" class=\"yoast-schema-graph\">{\"@context\":\"https:\/\/schema.org\",\"@graph\":[{\"@type\":\"WebPage\",\"@id\":\"https:\/\/www.unfoeprae.org\/fr\/unfoeprae\/presidenza\/\",\"url\":\"https:\/\/www.unfoeprae.org\/fr\/unfoeprae\/presidenza\/\",\"name\":\"Pr\u00e9sidence 2026-2030 - Universalis Foederatio Presepistica\",\"isPartOf\":{\"@id\":\"https:\/\/www.unfoeprae.org\/fr\/#website\"},\"datePublished\":\"2023-09-05T15:29:55+00:00\",\"dateModified\":\"2026-03-25T08:05:47+00:00\",\"breadcrumb\":{\"@id\":\"https:\/\/www.unfoeprae.org\/fr\/unfoeprae\/presidenza\/#breadcrumb\"},\"inLanguage\":\"fr-FR\",\"potentialAction\":[{\"@type\":\"ReadAction\",\"target\":[\"https:\/\/www.unfoeprae.org\/fr\/unfoeprae\/presidenza\/\"]}]},{\"@type\":\"BreadcrumbList\",\"@id\":\"https:\/\/www.unfoeprae.org\/fr\/unfoeprae\/presidenza\/#breadcrumb\",\"itemListElement\":[{\"@type\":\"ListItem\",\"position\":1,\"name\":\"Home\",\"item\":\"https:\/\/www.unfoeprae.org\/fr\/\"},{\"@type\":\"ListItem\",\"position\":2,\"name\":\"F\u00e9d\u00e9ration Internationale Des Amis de la Cr\u00e8che De No\u00ebl\",\"item\":\"https:\/\/www.unfoeprae.org\/fr\/unfoeprae\/\"},{\"@type\":\"ListItem\",\"position\":3,\"name\":\"Pr\u00e9sidence 2026-2030\"}]},{\"@type\":\"WebSite\",\"@id\":\"https:\/\/www.unfoeprae.org\/fr\/#website\",\"url\":\"https:\/\/www.unfoeprae.org\/fr\/\",\"name\":\"Universalis Foederatio Presepistica\",\"description\":\"Preservare, coltivare, sostenere, far rivivere e promuovere la diversit\u00e0 culturale e artistica della tradizione di Presepi nei vari paesi del mondo.\",\"potentialAction\":[{\"@type\":\"SearchAction\",\"target\":{\"@type\":\"EntryPoint\",\"urlTemplate\":\"https:\/\/www.unfoeprae.org\/fr\/?s={search_term_string}\"},\"query-input\":{\"@type\":\"PropertyValueSpecification\",\"valueRequired\":true,\"valueName\":\"search_term_string\"}}],\"inLanguage\":\"fr-FR\"}]}<\/script>\n<!-- \/ Yoast SEO plugin. -->","yoast_head_json":{"title":"Pr\u00e9sidence 2026-2030 - Universalis Foederatio Presepistica","robots":{"index":"index","follow":"follow","max-snippet":"max-snippet:-1","max-image-preview":"max-image-preview:large","max-video-preview":"max-video-preview:-1"},"canonical":"https:\/\/www.unfoeprae.org\/fr\/unfoeprae\/presidenza\/","og_locale":"fr_FR","og_type":"article","og_title":"Pr\u00e9sidence 2026-2030 - Universalis Foederatio Presepistica","og_description":"L&rsquo;organe administratif de la f\u00e9d\u00e9ration internationale.","og_url":"https:\/\/www.unfoeprae.org\/fr\/unfoeprae\/presidenza\/","og_site_name":"Universalis Foederatio Presepistica","article_modified_time":"2026-03-25T08:05:47+00:00","twitter_card":"summary_large_image","twitter_misc":{"Dur\u00e9e de lecture estim\u00e9e":"1 minute"},"schema":{"@context":"https:\/\/schema.org","@graph":[{"@type":"WebPage","@id":"https:\/\/www.unfoeprae.org\/fr\/unfoeprae\/presidenza\/","url":"https:\/\/www.unfoeprae.org\/fr\/unfoeprae\/presidenza\/","name":"Pr\u00e9sidence 2026-2030 - Universalis Foederatio Presepistica","isPartOf":{"@id":"https:\/\/www.unfoeprae.org\/fr\/#website"},"datePublished":"2023-09-05T15:29:55+00:00","dateModified":"2026-03-25T08:05:47+00:00","breadcrumb":{"@id":"https:\/\/www.unfoeprae.org\/fr\/unfoeprae\/presidenza\/#breadcrumb"},"inLanguage":"fr-FR","potentialAction":[{"@type":"ReadAction","target":["https:\/\/www.unfoeprae.org\/fr\/unfoeprae\/presidenza\/"]}]},{"@type":"BreadcrumbList","@id":"https:\/\/www.unfoeprae.org\/fr\/unfoeprae\/presidenza\/#breadcrumb","itemListElement":[{"@type":"ListItem","position":1,"name":"Home","item":"https:\/\/www.unfoeprae.org\/fr\/"},{"@type":"ListItem","position":2,"name":"F\u00e9d\u00e9ration Internationale Des Amis de la Cr\u00e8che De No\u00ebl","item":"https:\/\/www.unfoeprae.org\/fr\/unfoeprae\/"},{"@type":"ListItem","position":3,"name":"Pr\u00e9sidence 2026-2030"}]},{"@type":"WebSite","@id":"https:\/\/www.unfoeprae.org\/fr\/#website","url":"https:\/\/www.unfoeprae.org\/fr\/","name":"Universalis Foederatio Presepistica","description":"Preservare, coltivare, sostenere, far rivivere e promuovere la diversit\u00e0 culturale e artistica della tradizione di Presepi nei vari paesi del mondo.","potentialAction":[{"@type":"SearchAction","target":{"@type":"EntryPoint","urlTemplate":"https:\/\/www.unfoeprae.org\/fr\/?s={search_term_string}"},"query-input":{"@type":"PropertyValueSpecification","valueRequired":true,"valueName":"search_term_string"}}],"inLanguage":"fr-FR"}]}},"_links":{"self":[{"href":"https:\/\/www.unfoeprae.org\/fr\/wp-json\/wp\/v2\/pages\/1535","targetHints":{"allow":["GET"]}}],"collection":[{"href":"https:\/\/www.unfoeprae.org\/fr\/wp-json\/wp\/v2\/pages"}],"about":[{"href":"https:\/\/www.unfoeprae.org\/fr\/wp-json\/wp\/v2\/types\/page"}],"author":[{"embeddable":true,"href":"https:\/\/www.unfoeprae.org\/fr\/wp-json\/wp\/v2\/users\/1"}],"replies":[{"embeddable":true,"href":"https:\/\/www.unfoeprae.org\/fr\/wp-json\/wp\/v2\/comments?post=1535"}],"version-history":[{"count":14,"href":"https:\/\/www.unfoeprae.org\/fr\/wp-json\/wp\/v2\/pages\/1535\/revisions"}],"predecessor-version":[{"id":6289,"href":"https:\/\/www.unfoeprae.org\/fr\/wp-json\/wp\/v2\/pages\/1535\/revisions\/6289"}],"up":[{"embeddable":true,"href":"https:\/\/www.unfoeprae.org\/fr\/wp-json\/wp\/v2\/pages\/1530"}],"wp:attachment":[{"href":"https:\/\/www.unfoeprae.org\/fr\/wp-json\/wp\/v2\/media?parent=1535"}],"curies":[{"name":"wp","href":"https:\/\/api.w.org\/{rel}","templated":true}]}}

Présidence 2026-2030

<p>L&rsquo;organe administratif de la fédération internationale.</p>

<!-- This site is optimized with the Yoast SEO plugin v27.2 - https://yoast.com/product/yoast-seo-wordpress/ -->
<title>Présidence 2026-2030 - Universalis Foederatio Presepistica</title>
<meta name="robots" content="index, follow, max-snippet:-1, max-image-preview:large, max-video-preview:-1" />
<link rel="canonical" href="https://www.unfoeprae.org/fr/unfoeprae/presidenza/" />
<meta property="og:locale" content="fr_FR" />
<meta property="og:type" content="article" />
<meta property="og:title" content="Présidence 2026-2030 - Universalis Foederatio Presepistica" />
<meta property="og:description" content="L&rsquo;organe administratif de la fédération internationale." />
<meta property="og:url" content="https://www.unfoeprae.org/fr/unfoeprae/presidenza/" />
<meta property="og:site_name" content="Universalis Foederatio Presepistica" />
<meta property="article:modified_time" content="2026-03-25T08:05:47+00:00" />
<meta name="twitter:card" content="summary_large_image" />
<meta name="twitter:label1" content="Durée de lecture estimée" />
	<meta name="twitter:data1" content="1 minute" />
<script type="application/ld+json" class="yoast-schema-graph">{"@context":"https://schema.org","@graph":[{"@type":"WebPage","@id":"https://www.unfoeprae.org/fr/unfoeprae/presidenza/","url":"https://www.unfoeprae.org/fr/unfoeprae/presidenza/","name":"Présidence 2026-2030 - Universalis Foederatio Presepistica","isPartOf":{"@id":"https://www.unfoeprae.org/fr/#website"},"datePublished":"2023-09-05T15:29:55+00:00","dateModified":"2026-03-25T08:05:47+00:00","breadcrumb":{"@id":"https://www.unfoeprae.org/fr/unfoeprae/presidenza/#breadcrumb"},"inLanguage":"fr-FR","potentialAction":[{"@type":"ReadAction","target":["https://www.unfoeprae.org/fr/unfoeprae/presidenza/"]}]},{"@type":"BreadcrumbList","@id":"https://www.unfoeprae.org/fr/unfoeprae/presidenza/#breadcrumb","itemListElement":[{"@type":"ListItem","position":1,"name":"Home","item":"https://www.unfoeprae.org/fr/"},{"@type":"ListItem","position":2,"name":"Fédération Internationale Des Amis de la Crèche De Noël","item":"https://www.unfoeprae.org/fr/unfoeprae/"},{"@type":"ListItem","position":3,"name":"Présidence 2026-2030"}]},{"@type":"WebSite","@id":"https://www.unfoeprae.org/fr/#website","url":"https://www.unfoeprae.org/fr/","name":"Universalis Foederatio Presepistica","description":"Preservare, coltivare, sostenere, far rivivere e promuovere la diversità culturale e artistica della tradizione di Presepi nei vari paesi del mondo.","potentialAction":[{"@type":"SearchAction","target":{"@type":"EntryPoint","urlTemplate":"https://www.unfoeprae.org/fr/?s={search_term_string}"},"query-input":{"@type":"PropertyValueSpecification","valueRequired":true,"valueName":"search_term_string"}}],"inLanguage":"fr-FR"}]}</script>
<!-- / Yoast SEO plugin. -->

Présidence 2026-2030 - Universalis Foederatio Presepistica

L&rsquo;organe administratif de la fédération internationale.

Fédération Internationale Des Amis de la Crèche De Noël

Preservare, coltivare, sostenere, far rivivere e promuovere la diversità culturale e artistica della tradizione di Presepi nei vari paesi del mondo.
